mainder when 14 is divided by z?
4
Suppose 3*x = -4*u - 96 + 9, 5*x = -25. Let g = -5 - u. What is the remainder when 37 is divided by g?
11
Suppose -5*d = -225 - 70. Suppose -4*g + 5 = -5*k + d, 2*k = -2*g + 36. What is the remainder when 41 is divided by k?
13
Let d(t) = t**2 + 19*t + 53. What is the remainder when 13 is divided by d(-16)?
3
Suppose -3*g = -4*h - 36, 0 = -4*g + 4*h + 36 + 16. Calculate the remainder when g is divided by 6.
4
Let j(w) = -w**2 + 16*w + 10. Calculate the remainder when j(13) is divided by 13.
10
Let s be 56/3 - 14/21. Calculate the remainder when (s/4)/((-1)/(-2)) is divided by 6.
3
Let z be 3/6*0 + 2. Suppose 0 = h + z*h - 75. Let s(t) = -12*t**3 + t**2. What is the remainder when h is divided by s(-1)?
12
Let f be (-2 - 4/(-10))*5. Let v = f - -11. Suppose -v*i + 66 = -b, 12 = 2*b - 6*b. Calculate the remainder when i is divided by 11.
10
Suppose -4*l = 2 - 142. Suppose l = 4*q + q. Calculate the remainder when (0 - -19)*(0 - -1) is divided by q.
5
Let r(n) = n**3 + 9*n**2 + 6*n + 8. Let x be r(-7). Let k = x - 42. Calculate the remainder when k is divided by 8.
6
Suppose -41 = -q + 2*v, -3*q = 2*q - 4*v - 217. Suppose -3*p + 27 = 4*w, w + q = 5*p + 3*w. Calculate the remainder when 15 is divided by p.
6
Let r(k) = k. Let m(q) = -12*q + 7. Let b(p) = -m(p) - 3*r(p). Let j be b(6). Let x = -27 + j. What is the remainder when 38 is divided by x?
18
Let i = -4 + 10. Suppose z = i*z, 4*z = -2*j + 32. Calculate the remainder when j is divided by 10.
6
Suppose -304 = 26*r - 30*r. Calculate the remainder when r is divided by 26.
24
Let m(h) = -2*h + 9. What is the remainder when m(-9) is divided by 15?
12
Suppose j + 4*j = 835. Suppose 5*p - 93 = 3*w, 5*p + 42 = -5*w + j. Calculate the remainder when p is divided by 12.
9
Let o = 15 + -4. Let w(k) = -k**3 - 7*k**2 + 3*k - 8. Calculate the remainder when w(-8) is divided by o.
10
Suppose -3*a + 8 = -7. Let p(c) = -c**2 + 8*c - 6. Calculate the remainder when p(a) is divided by 6.
3
Let d(m) = 17*m**3 + 1. Let v be (22 - 0)/(3 - 1). Let y = 16 - v. Calculate the remainder when d(1) is divided by y.
3
Suppose -9*r + 3*r = -498. Calculate the remainder when r is divided by 7.
6
Let j(l) = -l**2 + 11*l - 2. Let k be j(9). Suppose x - k = 2. Let f(g) = 18*g - 1. What is the remainder when f(3) is divided by x?
17
Let i(t) = 1 - t**3 + 2*t + 0 + 0*t**2 + 2*t**2. Let h be i(-1). Let o = 7 + h. Calculate the remainder when 26 is divided by o.
8
Suppose -5*q + 5*h + 7 = -23, 4*q + 1 = -h. What is the remainder when (-40)/(-15) - (-6)/(-9) is divided by q?
0
Let k = -4 + 5. Let g = -3 + k. What is the remainder when -1 - (12/g + -3) is divided by 3?
2
Let r(v) = -10*v**3 + v**2 + v. Let c = 12 - 13. Calculate the remainder when 19 is divided by r(c).
9
Let u(a) = 9*a - 3. Let s be u(-3). Calculate the remainder when s*4/18*-6 is divided by 14.
12
Suppose -9 = 3*k, b + 2*k = -3 + 1. What is the remainder when 8 is divided by b?
0
Let k = -21 - -34. Calculate the remainder when 51 is divided by k.
12
Let c = -3 + -1. Let i = c + 19. What is the remainder when 57 is divided by i?
12
Let p = -18 + 13. Let f = p + 19. Calculate the remainder when f is divided by 4.
2
What is the remainder when 18 is divided by (1*-10 + 3)*-1?
4
What is the remainder when 2*3/(-18) - 3080/(-24) is divided by 43?
42
Let y(c) = -7*c**3 + 2*c**2 - 1. Calculate the remainder when 15 is divided by y(-1).
7
Suppose -45*n = -31*n - 462. Calculate the remainder when 130 is divided by n.
31
Suppose 3*x - 108 = -x. Suppose -5*a + 15 = -2*a, -3*n + 3*a = -15. Calculate the remainder when x is divided by n.
7
Let j = -60 + 84. Calculate the remainder when 67 is divided by j.
19
Suppose -2*k = -3*k + 65. Calculate the remainder when k is divided by 17.
14
Let s(n) = -n + 16. Let g = 36 - 23. What is the remainder when s(-7) is divided by g?
10
Let t = -5 + -12. Let f = t + 37. What is the remainder when -5*((-928)/(-20))/(-4) is divided by f?
18
Let d(f) = -f**2 - 11*f + 5. Calculate the remainder when d(-9) is divided by 12.
11
Let k be (4/2)/(-1) + -7. Calculate the remainder when 31 + 4/((-12)/k) is divided by 12.
10
Let x(i) = i**3 + 6*i**2 - i + 1. What is the remainder when 12 is divided by x(-6)?
5
Let h = -6 - -10. Suppose -3*k = -6*k + 21. Calculate the remainder when 3/(h/24 + 0) is divided by k.
4
Suppose 0 = -p + 14 - 7. Let c = 5 + p. Suppose -210 = -0*s - 6*s. What is the remainder when s is divided by c?
11
Let n(a) = a**2 - 3*a + 5. Calculate the remainder when n(4) is divided by 4.
1
Suppose -20*w + 15 = -19*w. What is the remainder when 43 is divided by w?
13
Suppose 3*p - 72 = -0*p. Calculate the remainder when 68 is divided by p.
20
Suppose -2*i - 13 = 71. Let v = 71 + i. Calculate the remainder when v is divided by 10.
9
Suppose -33 = -h - 3*y, 7*h - 5*y = 2*h + 145. What is the remainder when 119 is divided by h?
29
Suppose 180 - 165 = 5*v. Suppose b = -u + 1 + 2, -u - 3 = 3*b. Suppose u*z - v*z = 87. Calculate the remainder when z is divided by 8.
5
Calculate the remainder when 14 is divided by (-2)/((4/5)/(-2)).
4
Suppose l = 5*l - 8. Let k be (-14)/(-10) + l/(-5). Suppose -i + k = -10. What is the remainder when 32 is divided by i?
10
What is the remainder when 2/(-9) - (-688)/18 is divided by 10?
8
Let r = -10 - -25. Suppose 3*i + 3 = 21. What is the remainder when i is divided by (16/6)/(10/r)?
2
What is the remainder when 171 - (1 + -4 + 0) is divided by 35?
34
Let h be (0/2)/(1*-2). Suppose -m + 0*m + 2 = h. Suppose 2*w + 2*w = 5*j + 2, 0 = -5*j + 2*w + 4. What is the remainder when j is divided by m?
0
Suppose 3*f - 4*x = 7, 5*f + 2 = 3*f + 4*x. Calculate the remainder when 34 is divided by f.
7
Let b = 46 - 41. Calculate the remainder when 32 is divided by b.
2
Let f(i) = 4*i**2 - 3*i + 3. Let m be 2/2*(2 + 0). Let b(h) = h**2 + 2*h + 4. Calculate the remainder when f(m) is divided by b(-3).
6
Let w(x) = -3 - 8 - 3 + 11*x. Calculate the remainder when w(6) is divided by 14.
10
Suppose -5*l = -6*l - 2. What is the remainder when (-17 + 6)*l/2 is divided by 3?
2
Let d be 4*((2 - 3) + 3). Let y(p) = -p + 11. Calculate the remainder when 5 is divided by y(d).
2
Let p(w) = -6*w - 10. Let a(u) = 3*u**2 - 11*u + 8. Calculate the remainder when a(7) is divided by p(-5).
18
Let h(v) = -v**2 + 16*v - 45. What is the remainder when 103 is divided by h(7)?
13
Let p = 7 + -5. Calculate the remainder when ((-186)/18)/(p/(-6)) is divided by 16.
15
Let k be 3/((5/2)/(-5)). Suppose 0 = g - 5*g + 40. Calculate the remainder when (-4)/2*57/k is divided by g.
9
Suppose 0 = -3*g + 6*g - 5*v - 28, -25 = -5*g + 4*v. What is the remainder when 1 is divided by g?
0
Let z = 23 - 14. Suppose 0 = -z*o + 10*o - 13. What is the remainder when 25 is divided by o?
12
Let q be 226/8*(-8)/(-2). Let n = q - 60. Let h = -229 - -247. What is the remainder when n is divided by h?
17
What is the remainder when (3 - -1) + 15 + 2 is divided by 11?
10
Let s = -1 + 7. Let u(z) = -4*z - 2. Suppose 5*y - 5*x = -20, 0 + 2 = 2*x. Calculate the remainder when u(y) is divided by s.
4
Suppose r - 2*z = 3 + 8, 5*z + 26 = r. Let f(n) = -n**3 + 5*n**2 - 5*n + 6. Suppose s = -1 + 5. Calculate the remainder when f(s) is divided by r.
0
Suppose 2*z = -0*z + 8. Suppose 33 = z*b + 5. Calculate the remainder when b is divided by 3.
1
Let x(j) = j**2 + 7*j + 9. Let s be x(-6). Suppose 0 = -s*z - 10 + 79. Calculate the remainder when 44 is divided by z.
21
Suppose 0 = -2*l - 5*o + 267, 0*l + 489 = 4*l - 5*o. Suppose 4*g = l - 30. What is the remainder when g is divided by 13?
11
Let z(n) = n**2 - 9. Let i be z(-4). Calculate the remainder when 12*1*(-4)/(-3) is divided by 44/i + 26/(-91).
4
Suppose 46 = -5*o - 3*f, f = -4*o + 4*f - 26. Let r = 13 - o. Calculate the remainder when r is divided by 11.
10
Let q(h) = h**2 - 5*h. Suppose 0 = -o - 4*s - 5, 4*s - 31 + 8 = -5*o. Calculate the remainder when 25 is divided by q(o).
11
Suppose 4*z + 6 = 26. What is the remainder when 19 is divided by z?
4
Suppose 12 = -3*k - 6. Let b(h) = -4*h - 12. Calculate the remainder when 22 is divided by b(k).
10
Let v be 15/9 + (-1)/(-3). Suppose 5*z + 3*t = 99, -v*t + 0*t - 25 = -z. Calculate the remainder when 40 is divided by z.
19
Let x(a) = -7*a - 5. 